{"id":1101,"date":"2017-09-07T21:36:16","date_gmt":"2017-09-07T20:36:16","guid":{"rendered":"http:\/\/www.ammonberatung.de\/dollberg\/?page_id=1101"},"modified":"2017-12-13T03:14:43","modified_gmt":"2017-12-13T02:14:43","slug":"services-2","status":"publish","type":"page","link":"https:\/\/www.dollberg-immobilien.de\/?page_id=1101","title":{"rendered":"Objekttracking"},"content":{"rendered":"<div class=\"content-box\">\n<h3 class=\"content-title\">Objekttracking<\/h3>\n<p>Damit der Verkaufsprozess keine Blackbox ist, k\u00f6nnen Sie in unserer Datenbank einsehen, welche Aktivit\u00e4ten wir f\u00fcr Sie unternommen haben. Sie sehen zeitnah welche Besichtigungen anstehen und was dabei rausgekommen ist. Sie k\u00f6nnen verfolgen, wem wir alles Ihre Immobilie angeboten haben. Schauen Sie uns \u00fcber die Schulter und \u00fcberzeugen Sie sich von unserer qualitativ hochwertigen Dienstleistung.<\/p>\n<form action=\"http:\/\/www.objekttracking.de\/cgi-bin\/zeitung.pl\" method=\"post\" name=\"Objekttracking\" target=\"_blank\"><input name=\"action\" type=\"hidden\" value=\"login\" \/><br \/>\n<input name=\"lizenz\" type=\"HIDDEN\" value=\"001-2188\" \/><\/p>\n<table style=\"height: 109px;\" width=\"358\">\n<tbody>\n<tr>\n<td>Objektnummer*<\/td>\n<td><input title=\"Objektnummer\" name=\"objekt\" type=\"text\" value=\"\" \/><\/td>\n<\/tr>\n<tr>\n<td>Passwort*<\/td>\n<td><input title=\"Passwort\" name=\"password\" type=\"text\" value=\"\" \/><\/td>\n<\/tr>\n<tr>\n<td><\/td>\n<td><input name=\"submitter\" type=\"submit\" value=\"Login\" \/><\/td>\n<\/tr>\n<\/tbody>\n<\/table>\n<\/form>\n<\/div>\n","protected":false},"excerpt":{"rendered":"<p>Objekttracking Damit der Verkaufsprozess keine Blackbox ist, k\u00f6nnen Sie in unserer Datenbank einsehen, welche Aktivit\u00e4ten wir f\u00fcr Sie unternommen haben. Sie sehen zeitnah welche Besichtigungen anstehen und was dabei rausgekommen ist. Sie k\u00f6nnen verfolgen, wem wir alles Ihre Immobilie angeboten haben. Schauen Sie uns \u00fcber die Schulter und \u00fcberzeugen Sie sich von unserer qualitativ hochwertigen <span class=\"moretag\"><a href=\"https:\/\/www.dollberg-immobilien.de\/?page_id=1101\" class=\"btn btn-sm btn-primary\">Mehr Infos<\/a><\/span><\/p>\n","protected":false},"author":1,"featured_media":0,"parent":0,"menu_order":0,"comment_status":"closed","ping_status":"closed","template":"","meta":{"footnotes":""},"class_list":["post-1101","page","type-page","status-publish","hentry"],"yoast_head":"<!-- This site is optimized with the Yoast SEO plugin v27.5 - https:\/\/yoast.com\/product\/yoast-seo-wordpress\/ -->\n<title>Objekttracking - Dollberg Immobilien Ihre Maklerin f\u00fcr K\u00f6ln Porz und Umgebung<\/title>\n<meta name=\"robots\" content=\"index, follow, max-snippet:-1, max-image-preview:large, max-video-preview:-1\" \/>\n<link rel=\"canonical\" href=\"https:\/\/www.dollberg-immobilien.de\/?page_id=1101\" \/>\n<meta property=\"og:locale\" content=\"de_DE\" \/>\n<meta property=\"og:type\" content=\"article\" \/>\n<meta property=\"og:title\" content=\"Objekttracking - Dollberg Immobilien Ihre Maklerin f\u00fcr K\u00f6ln Porz und Umgebung\" \/>\n<meta property=\"og:description\" content=\"Objekttracking Damit der Verkaufsprozess keine Blackbox ist, k\u00f6nnen Sie in unserer Datenbank einsehen, welche Aktivit\u00e4ten wir f\u00fcr Sie unternommen haben. Sie sehen zeitnah welche Besichtigungen anstehen und was dabei rausgekommen ist. Sie k\u00f6nnen verfolgen, wem wir alles Ihre Immobilie angeboten haben. Schauen Sie uns \u00fcber die Schulter und \u00fcberzeugen Sie sich von unserer qualitativ hochwertigen Mehr Infos\" \/>\n<meta property=\"og:url\" content=\"https:\/\/www.dollberg-immobilien.de\/?page_id=1101\" \/>\n<meta property=\"og:site_name\" content=\"Dollberg Immobilien Ihre Maklerin f\u00fcr K\u00f6ln Porz und Umgebung\" \/>\n<meta property=\"article:modified_time\" content=\"2017-12-13T02:14:43+00:00\" \/>\n<meta name=\"twitter:card\" content=\"summary_large_image\" \/>\n<script type=\"application\/ld+json\" class=\"yoast-schema-graph\">{\"@context\":\"https:\\\/\\\/schema.org\",\"@graph\":[{\"@type\":\"WebPage\",\"@id\":\"https:\\\/\\\/www.dollberg-immobilien.de\\\/?page_id=1101\",\"url\":\"https:\\\/\\\/www.dollberg-immobilien.de\\\/?page_id=1101\",\"name\":\"Objekttracking - Dollberg Immobilien Ihre Maklerin f\u00fcr K\u00f6ln Porz und Umgebung\",\"isPartOf\":{\"@id\":\"https:\\\/\\\/www.dollberg-immobilien.de\\\/#website\"},\"datePublished\":\"2017-09-07T20:36:16+00:00\",\"dateModified\":\"2017-12-13T02:14:43+00:00\",\"breadcrumb\":{\"@id\":\"https:\\\/\\\/www.dollberg-immobilien.de\\\/?page_id=1101#breadcrumb\"},\"inLanguage\":\"de\",\"potentialAction\":[{\"@type\":\"ReadAction\",\"target\":[\"https:\\\/\\\/www.dollberg-immobilien.de\\\/?page_id=1101\"]}]},{\"@type\":\"BreadcrumbList\",\"@id\":\"https:\\\/\\\/www.dollberg-immobilien.de\\\/?page_id=1101#breadcrumb\",\"itemListElement\":[{\"@type\":\"ListItem\",\"position\":1,\"name\":\"Startseite\",\"item\":\"https:\\\/\\\/www.dollberg-immobilien.de\\\/\"},{\"@type\":\"ListItem\",\"position\":2,\"name\":\"Objekttracking\"}]},{\"@type\":\"WebSite\",\"@id\":\"https:\\\/\\\/www.dollberg-immobilien.de\\\/#website\",\"url\":\"https:\\\/\\\/www.dollberg-immobilien.de\\\/\",\"name\":\"Dollberg Immobilien Ihre Maklerin f\u00fcr K\u00f6ln Porz und Umgebung\",\"description\":\"Dollberg Immobilien\",\"potentialAction\":[{\"@type\":\"SearchAction\",\"target\":{\"@type\":\"EntryPoint\",\"urlTemplate\":\"https:\\\/\\\/www.dollberg-immobilien.de\\\/?s={search_term_string}\"},\"query-input\":{\"@type\":\"PropertyValueSpecification\",\"valueRequired\":true,\"valueName\":\"search_term_string\"}}],\"inLanguage\":\"de\"}]}<\/script>\n<!-- \/ Yoast SEO plugin. -->","yoast_head_json":{"title":"Objekttracking - Dollberg Immobilien Ihre Maklerin f\u00fcr K\u00f6ln Porz und Umgebung","robots":{"index":"index","follow":"follow","max-snippet":"max-snippet:-1","max-image-preview":"max-image-preview:large","max-video-preview":"max-video-preview:-1"},"canonical":"https:\/\/www.dollberg-immobilien.de\/?page_id=1101","og_locale":"de_DE","og_type":"article","og_title":"Objekttracking - Dollberg Immobilien Ihre Maklerin f\u00fcr K\u00f6ln Porz und Umgebung","og_description":"Objekttracking Damit der Verkaufsprozess keine Blackbox ist, k\u00f6nnen Sie in unserer Datenbank einsehen, welche Aktivit\u00e4ten wir f\u00fcr Sie unternommen haben. Sie sehen zeitnah welche Besichtigungen anstehen und was dabei rausgekommen ist. Sie k\u00f6nnen verfolgen, wem wir alles Ihre Immobilie angeboten haben. Schauen Sie uns \u00fcber die Schulter und \u00fcberzeugen Sie sich von unserer qualitativ hochwertigen Mehr Infos","og_url":"https:\/\/www.dollberg-immobilien.de\/?page_id=1101","og_site_name":"Dollberg Immobilien Ihre Maklerin f\u00fcr K\u00f6ln Porz und Umgebung","article_modified_time":"2017-12-13T02:14:43+00:00","twitter_card":"summary_large_image","schema":{"@context":"https:\/\/schema.org","@graph":[{"@type":"WebPage","@id":"https:\/\/www.dollberg-immobilien.de\/?page_id=1101","url":"https:\/\/www.dollberg-immobilien.de\/?page_id=1101","name":"Objekttracking - Dollberg Immobilien Ihre Maklerin f\u00fcr K\u00f6ln Porz und Umgebung","isPartOf":{"@id":"https:\/\/www.dollberg-immobilien.de\/#website"},"datePublished":"2017-09-07T20:36:16+00:00","dateModified":"2017-12-13T02:14:43+00:00","breadcrumb":{"@id":"https:\/\/www.dollberg-immobilien.de\/?page_id=1101#breadcrumb"},"inLanguage":"de","potentialAction":[{"@type":"ReadAction","target":["https:\/\/www.dollberg-immobilien.de\/?page_id=1101"]}]},{"@type":"BreadcrumbList","@id":"https:\/\/www.dollberg-immobilien.de\/?page_id=1101#breadcrumb","itemListElement":[{"@type":"ListItem","position":1,"name":"Startseite","item":"https:\/\/www.dollberg-immobilien.de\/"},{"@type":"ListItem","position":2,"name":"Objekttracking"}]},{"@type":"WebSite","@id":"https:\/\/www.dollberg-immobilien.de\/#website","url":"https:\/\/www.dollberg-immobilien.de\/","name":"Dollberg Immobilien Ihre Maklerin f\u00fcr K\u00f6ln Porz und Umgebung","description":"Dollberg Immobilien","potentialAction":[{"@type":"SearchAction","target":{"@type":"EntryPoint","urlTemplate":"https:\/\/www.dollberg-immobilien.de\/?s={search_term_string}"},"query-input":{"@type":"PropertyValueSpecification","valueRequired":true,"valueName":"search_term_string"}}],"inLanguage":"de"}]}},"_links":{"self":[{"href":"https:\/\/www.dollberg-immobilien.de\/index.php?rest_route=\/wp\/v2\/pages\/1101","targetHints":{"allow":["GET"]}}],"collection":[{"href":"https:\/\/www.dollberg-immobilien.de\/index.php?rest_route=\/wp\/v2\/pages"}],"about":[{"href":"https:\/\/www.dollberg-immobilien.de\/index.php?rest_route=\/wp\/v2\/types\/page"}],"author":[{"embeddable":true,"href":"https:\/\/www.dollberg-immobilien.de\/index.php?rest_route=\/wp\/v2\/users\/1"}],"replies":[{"embeddable":true,"href":"https:\/\/www.dollberg-immobilien.de\/index.php?rest_route=%2Fwp%2Fv2%2Fcomments&post=1101"}],"version-history":[{"count":0,"href":"https:\/\/www.dollberg-immobilien.de\/index.php?rest_route=\/wp\/v2\/pages\/1101\/revisions"}],"wp:attachment":[{"href":"https:\/\/www.dollberg-immobilien.de\/index.php?rest_route=%2Fwp%2Fv2%2Fmedia&parent=1101"}],"curies":[{"name":"wp","href":"https:\/\/api.w.org\/{rel}","templated":true}]}}