{"id":1770,"date":"2017-10-25T10:12:05","date_gmt":"2017-10-25T09:12:05","guid":{"rendered":"http:\/\/www.ammonberatung.de\/dollberg\/?page_id=1770"},"modified":"2017-10-26T11:13:05","modified_gmt":"2017-10-26T10:13:05","slug":"anbieteranfrage","status":"publish","type":"page","link":"https:\/\/www.dollberg-immobilien.de\/?page_id=1770","title":{"rendered":"Anbieteranfrage"},"content":{"rendered":"<div class=\"content-box\">\n<h3 class=\"content-title\">Interessentendatenbank<\/h3>\n<p>Sie m\u00f6chten Ihre Immobilie vermieten oder verkaufen, wissen aber noch nicht, ob wir Ihr richtiger Partner sind? Mit der Interessentendatenbank k\u00f6nnen Sie die Eckdaten Ihrer Immobilie eingeben und pr\u00fcfen wieviele passende Miet- oder Kaufgesuche in unserer Datenbank gespeichert sind.<\/p>\n<form action=\"http:\/\/www.anbieteranfrage.de\/cgi-bin\/anfrage.pl\" method=\"POST\" target=\"_blank\"><input name=\"action\" type=\"hidden\" value=\"login\" \/><\/p>\n<table style=\"height: 212px;\" width=\"334\">\n<tbody>\n<tr>\n<td>Objektart:<\/td>\n<td><select name=\"objektart\"><option value=\"1\">Wohnung<\/option><option value=\"2\">Haus<\/option><option value=\"3\">Grundst\u00fcck<\/option><option value=\"4\">Kapitalanlage<\/option><option value=\"5\">Ladenlokal<\/option><option value=\"6\">B\u00fcro<\/option><option value=\"7\">Gewerbe<\/option><option value=\"8\">Gastronomie<\/option><option value=\"9\">Landwirtschaft<\/option><option value=\"0\">Sonstiges<\/option><\/select><\/td>\n<\/tr>\n<tr>\n<td><\/td>\n<td><input checked=\"checked\" name=\"nutzung\" type=\"radio\" value=\"K\" \/> Kauf <input name=\"nutzung\" type=\"radio\" value=\"M\" \/> Miete<\/td>\n<\/tr>\n<tr>\n<td>max. Preis:<\/td>\n<td><input name=\"preis\" size=\"15\" type=\"text\" \/><\/td>\n<\/tr>\n<tr>\n<td>Lage (Ort):<\/td>\n<td><input name=\"lage\" size=\"15\" type=\"text\" \/><\/td>\n<\/tr>\n<tr>\n<td><\/td>\n<td><input type=\"Submit\" value=\"Suche\" \/><\/td>\n<td><\/td>\n<\/tr>\n<\/tbody>\n<\/table>\n<\/form>\n<div class=\"content-box\"><\/div>\n<\/div>\n","protected":false},"excerpt":{"rendered":"<p>Interessentendatenbank Sie m\u00f6chten Ihre Immobilie vermieten oder verkaufen, wissen aber noch nicht, ob wir Ihr richtiger Partner sind? Mit der Interessentendatenbank k\u00f6nnen Sie die Eckdaten Ihrer Immobilie eingeben und pr\u00fcfen wieviele passende Miet- oder Kaufgesuche in unserer Datenbank gespeichert sind. Objektart: WohnungHausGrundst\u00fcckKapitalanlageLadenlokalB\u00fcroGewerbeGastronomieLandwirtschaftSonstiges Kauf Miete max. Preis: Lage (Ort):<\/p>\n","protected":false},"author":1,"featured_media":0,"parent":0,"menu_order":0,"comment_status":"closed","ping_status":"closed","template":"","meta":{"footnotes":""},"class_list":["post-1770","page","type-page","status-publish","hentry"],"yoast_head":"<!-- This site is optimized with the Yoast SEO plugin v27.5 - https:\/\/yoast.com\/product\/yoast-seo-wordpress\/ -->\n<title>Anbieteranfrage - Dollberg Immobilien Ihre Maklerin f\u00fcr K\u00f6ln Porz und Umgebung<\/title>\n<meta name=\"robots\" content=\"index, follow, max-snippet:-1, max-image-preview:large, max-video-preview:-1\" \/>\n<link rel=\"canonical\" href=\"https:\/\/www.dollberg-immobilien.de\/?page_id=1770\" \/>\n<meta property=\"og:locale\" content=\"de_DE\" \/>\n<meta property=\"og:type\" content=\"article\" \/>\n<meta property=\"og:title\" content=\"Anbieteranfrage - Dollberg Immobilien Ihre Maklerin f\u00fcr K\u00f6ln Porz und Umgebung\" \/>\n<meta property=\"og:description\" content=\"Interessentendatenbank Sie m\u00f6chten Ihre Immobilie vermieten oder verkaufen, wissen aber noch nicht, ob wir Ihr richtiger Partner sind? Mit der Interessentendatenbank k\u00f6nnen Sie die Eckdaten Ihrer Immobilie eingeben und pr\u00fcfen wieviele passende Miet- oder Kaufgesuche in unserer Datenbank gespeichert sind. Objektart: WohnungHausGrundst\u00fcckKapitalanlageLadenlokalB\u00fcroGewerbeGastronomieLandwirtschaftSonstiges Kauf Miete max. Preis: Lage (Ort):\" \/>\n<meta property=\"og:url\" content=\"https:\/\/www.dollberg-immobilien.de\/?page_id=1770\" \/>\n<meta property=\"og:site_name\" content=\"Dollberg Immobilien Ihre Maklerin f\u00fcr K\u00f6ln Porz und Umgebung\" \/>\n<meta property=\"article:modified_time\" content=\"2017-10-26T10:13:05+00:00\" \/>\n<meta name=\"twitter:card\" content=\"summary_large_image\" \/>\n<script type=\"application\/ld+json\" class=\"yoast-schema-graph\">{\"@context\":\"https:\\\/\\\/schema.org\",\"@graph\":[{\"@type\":\"WebPage\",\"@id\":\"https:\\\/\\\/www.dollberg-immobilien.de\\\/?page_id=1770\",\"url\":\"https:\\\/\\\/www.dollberg-immobilien.de\\\/?page_id=1770\",\"name\":\"Anbieteranfrage - Dollberg Immobilien Ihre Maklerin f\u00fcr K\u00f6ln Porz und Umgebung\",\"isPartOf\":{\"@id\":\"https:\\\/\\\/www.dollberg-immobilien.de\\\/#website\"},\"datePublished\":\"2017-10-25T09:12:05+00:00\",\"dateModified\":\"2017-10-26T10:13:05+00:00\",\"breadcrumb\":{\"@id\":\"https:\\\/\\\/www.dollberg-immobilien.de\\\/?page_id=1770#breadcrumb\"},\"inLanguage\":\"de\",\"potentialAction\":[{\"@type\":\"ReadAction\",\"target\":[\"https:\\\/\\\/www.dollberg-immobilien.de\\\/?page_id=1770\"]}]},{\"@type\":\"BreadcrumbList\",\"@id\":\"https:\\\/\\\/www.dollberg-immobilien.de\\\/?page_id=1770#breadcrumb\",\"itemListElement\":[{\"@type\":\"ListItem\",\"position\":1,\"name\":\"Startseite\",\"item\":\"https:\\\/\\\/www.dollberg-immobilien.de\\\/\"},{\"@type\":\"ListItem\",\"position\":2,\"name\":\"Anbieteranfrage\"}]},{\"@type\":\"WebSite\",\"@id\":\"https:\\\/\\\/www.dollberg-immobilien.de\\\/#website\",\"url\":\"https:\\\/\\\/www.dollberg-immobilien.de\\\/\",\"name\":\"Dollberg Immobilien Ihre Maklerin f\u00fcr K\u00f6ln Porz und Umgebung\",\"description\":\"Dollberg Immobilien\",\"potentialAction\":[{\"@type\":\"SearchAction\",\"target\":{\"@type\":\"EntryPoint\",\"urlTemplate\":\"https:\\\/\\\/www.dollberg-immobilien.de\\\/?s={search_term_string}\"},\"query-input\":{\"@type\":\"PropertyValueSpecification\",\"valueRequired\":true,\"valueName\":\"search_term_string\"}}],\"inLanguage\":\"de\"}]}<\/script>\n<!-- \/ Yoast SEO plugin. -->","yoast_head_json":{"title":"Anbieteranfrage - Dollberg Immobilien Ihre Maklerin f\u00fcr K\u00f6ln Porz und Umgebung","robots":{"index":"index","follow":"follow","max-snippet":"max-snippet:-1","max-image-preview":"max-image-preview:large","max-video-preview":"max-video-preview:-1"},"canonical":"https:\/\/www.dollberg-immobilien.de\/?page_id=1770","og_locale":"de_DE","og_type":"article","og_title":"Anbieteranfrage - Dollberg Immobilien Ihre Maklerin f\u00fcr K\u00f6ln Porz und Umgebung","og_description":"Interessentendatenbank Sie m\u00f6chten Ihre Immobilie vermieten oder verkaufen, wissen aber noch nicht, ob wir Ihr richtiger Partner sind? Mit der Interessentendatenbank k\u00f6nnen Sie die Eckdaten Ihrer Immobilie eingeben und pr\u00fcfen wieviele passende Miet- oder Kaufgesuche in unserer Datenbank gespeichert sind. Objektart: WohnungHausGrundst\u00fcckKapitalanlageLadenlokalB\u00fcroGewerbeGastronomieLandwirtschaftSonstiges Kauf Miete max. Preis: Lage (Ort):","og_url":"https:\/\/www.dollberg-immobilien.de\/?page_id=1770","og_site_name":"Dollberg Immobilien Ihre Maklerin f\u00fcr K\u00f6ln Porz und Umgebung","article_modified_time":"2017-10-26T10:13:05+00:00","twitter_card":"summary_large_image","schema":{"@context":"https:\/\/schema.org","@graph":[{"@type":"WebPage","@id":"https:\/\/www.dollberg-immobilien.de\/?page_id=1770","url":"https:\/\/www.dollberg-immobilien.de\/?page_id=1770","name":"Anbieteranfrage - Dollberg Immobilien Ihre Maklerin f\u00fcr K\u00f6ln Porz und Umgebung","isPartOf":{"@id":"https:\/\/www.dollberg-immobilien.de\/#website"},"datePublished":"2017-10-25T09:12:05+00:00","dateModified":"2017-10-26T10:13:05+00:00","breadcrumb":{"@id":"https:\/\/www.dollberg-immobilien.de\/?page_id=1770#breadcrumb"},"inLanguage":"de","potentialAction":[{"@type":"ReadAction","target":["https:\/\/www.dollberg-immobilien.de\/?page_id=1770"]}]},{"@type":"BreadcrumbList","@id":"https:\/\/www.dollberg-immobilien.de\/?page_id=1770#breadcrumb","itemListElement":[{"@type":"ListItem","position":1,"name":"Startseite","item":"https:\/\/www.dollberg-immobilien.de\/"},{"@type":"ListItem","position":2,"name":"Anbieteranfrage"}]},{"@type":"WebSite","@id":"https:\/\/www.dollberg-immobilien.de\/#website","url":"https:\/\/www.dollberg-immobilien.de\/","name":"Dollberg Immobilien Ihre Maklerin f\u00fcr K\u00f6ln Porz und Umgebung","description":"Dollberg Immobilien","potentialAction":[{"@type":"SearchAction","target":{"@type":"EntryPoint","urlTemplate":"https:\/\/www.dollberg-immobilien.de\/?s={search_term_string}"},"query-input":{"@type":"PropertyValueSpecification","valueRequired":true,"valueName":"search_term_string"}}],"inLanguage":"de"}]}},"_links":{"self":[{"href":"https:\/\/www.dollberg-immobilien.de\/index.php?rest_route=\/wp\/v2\/pages\/1770","targetHints":{"allow":["GET"]}}],"collection":[{"href":"https:\/\/www.dollberg-immobilien.de\/index.php?rest_route=\/wp\/v2\/pages"}],"about":[{"href":"https:\/\/www.dollberg-immobilien.de\/index.php?rest_route=\/wp\/v2\/types\/page"}],"author":[{"embeddable":true,"href":"https:\/\/www.dollberg-immobilien.de\/index.php?rest_route=\/wp\/v2\/users\/1"}],"replies":[{"embeddable":true,"href":"https:\/\/www.dollberg-immobilien.de\/index.php?rest_route=%2Fwp%2Fv2%2Fcomments&post=1770"}],"version-history":[{"count":0,"href":"https:\/\/www.dollberg-immobilien.de\/index.php?rest_route=\/wp\/v2\/pages\/1770\/revisions"}],"wp:attachment":[{"href":"https:\/\/www.dollberg-immobilien.de\/index.php?rest_route=%2Fwp%2Fv2%2Fmedia&parent=1770"}],"curies":[{"name":"wp","href":"https:\/\/api.w.org\/{rel}","templated":true}]}}